 + 4*x**2. Is y(4) composite?
False
Suppose 5*y - 1430 = -0*y. Let x = -396 - -905. Let p = x - y. Is p a composite number?
False
Suppose -5*p = -2*a + 31, 5*p - 8 + 0 = -a. Is (-2946)/(-4) - a/(-26) a composite number?
True
Is (-655)/(-4) - (-7)/(84/(-9)) composite?
False
Let u(a) = a**3 + 6*a**2 - a - 2. Let j be u(-6). Suppose 22 = j*i + 2, -4*m - 2*i = -2358. Is m a composite number?
False
Let d(n) = 22*n - 57*n - 143*n - 113*n + 16. Is d(-7) a prime number?
True
Let d(f) = -5*f**2 + 4*f - 4*f + 21*f**2 + 3. Let w be d(-4). Let g = w + -132. Is g a composite number?
False
Let g be (-1)/(-6)*3*0. Suppose g = 32*p - 40*p + 3752. Is p prime?
False
Let d be (-1)/5 - 243/(-15). Let c(o) = o**3 - d*o**2 + 9 + 0 - 4 + 6*o. Is c(18) a composite number?
False
Is -1*((-5 - 5) + -13987) a prime number?
True
Let r(h) = 198*h - 5. Let w(d) = -d**3 - 4*d**2 - 2*d + 6. Let z be w(-3). Is r(z) composite?
True
Is (-163)/(1*(-10)/2110) a composite number?
True
Suppose 4*b = 2*h - 16, 3*h - 32 = -h - 2*b. Let n = -6 + h. Suppose 154 = n*y - 100. Is y a composite number?
False
Let d(a) = 231*a**2 + a - 5. Is d(-9) composite?
True
Let d = -1380 - -2120. Suppose 4*j = 8*j - d. Is j a prime number?
False
Suppose 7*r - 3*r + 44 = 0. Let m = 12 + r. Is -3 + (3 - (m - 374)) composite?
False
Let q(i) = 59*i - 25. Let r = 47 + -43. Is q(r) a composite number?
False
Let v(r) = 633*r**2 - r + 1. Let n be (6/4)/(12/(-8)). Is v(n) prime?
False
Suppose -k = f + f + 855, -2*f - 885 = -5*k. Let d = f + 737. Is d prime?
True
Is 7/(-9) + 1 - (-1481051)/1287 composite?
False
Let t(b) = 5*b**2 + 44*b - 3. Is t(-20) prime?
True
Suppose -i = -3*i + m - 9, -2*i + 11 = 3*m. Is (i/3)/(4/(-1578)) composite?
False
Suppose -105*u - 1623 = -108*u. Is u composite?
False
Let u(d) = d**3 - 6*d**2 + 3*d + 7. Let m be u(5). Let y be -11 - (m - (-12)/3). Let n(v) = -11*v + 9. Is n(y) composite?
True
Let b = 227 + -354. Let m = b - -320. Let u = 410 - m. Is u composite?
True
Suppose 0 = 2*d - 5*v - 21, -d + 16 = 3*v - 11. Is ((-45)/d)/((-1)/538) a prime number?
False
Let i = 786 - 362. Let f = -71 - -148. Let l = i - f. Is l composite?
False
Let m(l) = 2*l**2 + 2*l + 2. Suppose -6 = 3*z - 2*z - 3*f, 3*z - 21 = -4*f. Is m(z) composite?
True
Let l = -873 - -1370. Is l a composite number?
True
Let p = -287 + 624. Is p prime?
True
Let k(w) = -1 + 1 + 3 + 2 - 6*w. Let q be k(-5). Suppose -a + 2*a = q. Is a prime?
False
Let q(n) = -n**3 + 31*n**2 - 10*n - 29. Is q(14) prime?
True
Suppose 141 = k - 2*n - 134, 0 = 5*k - 4*n - 1351. Let b = 484 + k. Is b prime?
True
Let i = 28686 - 1325. Is i a prime number?
True
Let c(g) = g**2 + 6*g - 10. Let v be c(-8). Suppose -y = -a - 24, v*y - 2*a = 3*y + 67. Suppose y + 135 = 2*i. Is i composite?
True
Let f be (2 - -2 - 7) + 5. Suppose 7*q - 955 = f*q. Is q prime?
True
Suppose -4*t + 5 = -7, -3*t + 20917 = 4*a. Is a a prime number?
True
Suppose 0 = -r + 7*r - 18. Suppose 2*f + 227 = r*a - 96, 5*a + f = 560. Is a a prime number?
False
Is 4/((-48)/(-180165)) + 144/(-192) a composite number?
False
Let x = 1152 - 2323. Let n = -690 - x. Suppose 3*r - 182 = n. Is r a composite number?
True
Let g = -26 + 32. Let n be (-27)/(-6)*296/6. Suppose g*q - 756 = n. Is q composite?
False
Let u(c) = -5*c + 1. Let i be u(-2). Let m be 211/1 + (14 - i). Let p = 451 - m. Is p a prime number?
False
Let v(i) = 12*i**2 - 2*i - 1. Let l(u) = 5*u**2 + 0*u**2 + 1 - u + u**2 + 2*u. Let s be l(-1). Is v(s) composite?
False
Suppose 3*u = 3*c + 1653, -7*u + 9*u - 5*c = 1114. Is u prime?
True
Suppose 1670 = 3*d - 2*i, -4*d + i + 2227 = -2*i. Suppose 2*t = -5*z - 95 - 149, 5*t + d = z. Is 1/(-3) + t/(-3) a prime number?
True
Let i = 2386 - 991. Is i - 0 - (-40)/10 a prime number?
True
Let w = 54388 + -30071. Is w composite?
False
Let v be 74*(-4)/(-1 - 7). Suppose -35 - v = -4*m. Is 4/(-6) + 1254/m a prime number?
False
Let k be 9 + -2 + -4 - 0. Suppose 334 = b + 3*b - k*s, -2*b + 5*s = -160. Is b a prime number?
False
Let r = 8068 + -1301. Is r a composite number?
True
Let f(d) = -4*d**2 + d - 1. Let l be f(1). Let t be (2 + -698)/l + -1. Let s = 502 - t. Is s a prime number?
False
Let s(v) = -2*v - 11. Let j be 12*(4 + (-14)/3). Let c be s(j). Suppose a - 5*m - 791 = 0, -2*m = -0*a - c*a + 3909. Is a prime?
False
Let v = -13 + 7. Let d(a) be the third derivative of -a**5/60 - 11*a**4/24 + 7*a**3/6 - 2*a**2. Is d(v) a prime number?
True
Let l = 49 + -44. Suppose 874 = -3*z + l*z. Is z composite?
True
Suppose 3*k + 322 + 1433 = 0. Let l = k + 1252. Is l composite?
True
Let a = 3 + 1. Suppose 0 = -a*h - 4 - 0. Is (50 + 2 - h)*1 prime?
True
Suppose 7838 + 1969 = 7*u. Suppose -11*s + u = -8*s. Is s composite?
False
Let a(v) = -v**2 - 7*v + 1. Let k be 3/(-2)*14/3. Let j be a(k). Is (-3 + 178 + 2)*j a composite number?
True
Suppose 3*g - 9 = 4*w, -4*g - g - 20 = 5*w. Let h be -2 - w*(-8)/(-12). Suppose h = 5*q - 20, -3*q = 4*p - 0*q - 388. Is p composite?
True
Suppose 5*p - 2*b + 242 = 0, 2*p - 3*b + 90 = -9. Let w be ((p/(-3))/1)/2. Suppose 31 = o + w. Is o a prime number?
True
Let h(f) = 7*f - 9*f + f**2 + 5*f. Let l be h(-3). Suppose k + 4*x + 415 = 6*k, 3*x = l. Is k prime?
True
Suppose -9*f - a = -14*f + 590, -4*f - 2*a = -472. Is f composite?
True
Let b be 1753 - (-3 + (-1 - -2)). Let o = -376 + b. Is o a composite number?
True
Let w(x) = -x**2 + 7*x - 1. Let m be w(6). Suppose -621 = -m*g + 139. Is g + 1 + 6/3 a composite number?
True
Suppose 4*t - 2335 - 16629 = 0. Is t a composite number?
True
Suppose 0 = 3*k + 3 + 6. Let c(o) = -o**3 - 4*o**2 - 4*o + 1. Let n be c(k). Suppose -n*r = 0, j + 5*r - 104 = 57. Is j a composite number?
True
Suppose -34*d = -12*d - 28446. Is d a composite number?
True
Suppose 4 = c + 10. Is c/(-39) + (-8301)/(-39) prime?
False
Let i = 2016 + -1118. Let m = i - -699. Is m composite?
False
Suppose 2*h = -4*m + 722 + 706, -4*m + 1456 = -5*h. Is m composite?
False
Let u be 14/(-91) - 152/26. Let y be (-7)/(28/12) - u. Suppose y*a - 1371 + 492 = 0. Is a a prime number?
True
Let j(n) = n**3 + 3*n**2 - 5*n - 3. Let v be j(-4). Let p(s) = 208*s + v + 30*s + 14*s. Is p(1) prime?
False
Suppose 10*x = 17*x - 11137. Is x a prime number?
False
Let y = 5842 + -2639. Is y a prime number?
True
Let m(s) = s - 7. Let v be m(6). Is (-2)/v*(-127)/6*-3 composite?
False
Let a(s) = 665*s**2 + 3*s - 7. Is a(3) a composite number?
False
Is (-3 + (-580)/16)*-68 a prime number?
False
Let a = 84009 + -44468. Is a composite?
False
Suppose -662 = i - 256. Let c = i - -868. Suppose -5*a + c = -283. Is a a prime number?
True
Let d(o) = o**3 - 9*o**2 - 7*o - 5. Let i be 296/10 - (-4)/10. Let z = -20 + i. Is d(z) composite?
True
Is (9/(-3) - -2)/((-6)/19086) a composite number?
False
Let p be 3/((-3)/5)*5. Let k = 214 - p. Is k a composite number?
False
Let z = 421 + 165. Is z composite?
True
Let w(t) = t + 1. Let d(i) = 249*i - 4. Let c(l) = -d(l) - 5*w(l). Let z = -18 - -17. Is c(z) composite?
True
Let c(t) = 577*t + 41. Let y(i) be the third derivative of 3*i**4 + 5*i**3/6 + 6*i**2. Let w(v) = 6*c(v) - 51*y(v). Is w(-5) a prime number?
False
Suppose 8*w - 39*w = -281821. Is w composite?
False
Let k = 178 - 124. Let l be (-2)/4 + k/(-12). Is (-616)/l + 2/(-10) prime?
False
Suppose 0 = -14*a - 7*a + 534219. Is a a prime number?
True
Suppose 0 = 4*y - 9*y + 24265. Is y composite?
True
Suppose -934 = -h - 38. Suppose 566 = u + 5*v, 0 = -3*u + v + 754 + h. Is u composite?
True
Let m(i) = 11 + 5 - i - 6. Let x be m(7). Suppose x*j - 415 = 56. Is j composite?
False
Is 10/((-18)/9) + 14508 prime?
True
Let k be (16/6)/((-20)/(-9930)). Let h = k - 521. Is h a prime number?
False
Let c = -41 - -44. Is ((-392)/(-3) - 1)*c composite?
False
Suppose 30*a + 10 = 25*a. Is (-7781)/(-4) + a/8 a prime number?
False
Let k = 5850 - 2257. Is k composite?
False
Let g be (-50)/14 - 3/7. Let i(j) = j**3 + 4*j**2 - 8*j + 5. Is i(g) composite?
False
Let m(i) = 2014*i**2 + 6*i - 6. Let h be m(3). Let d be 4/(-1) - h/6. Let j = -2060 - d. Is j a prime number?
True
Let w = -1976 - -3334. Let v = -727 + w. Is v prime?
True
Suppose 2*g - 14*g = 5328. Let m = g + 1231. Is m a composite number?
False
Let g(a) be the third derivative of -289*a**9/60480 - a**8/10080 - a**7/2520 - a**5/20 + 4*a**2. Let p(u) be the third d